
48
What is the highest common divisor of 76 and 874?
38
Calculate the greatest common factor of 42 and 1743.
21
Calculate the greatest common factor of 70 and 105.
35
What is the greatest common divisor of 445 and 89?
89
Calculate the greatest common factor of 118 and 2773.
59
What is the greatest common divisor of 10 and 195?
5
What is the greatest common divisor of 4393 and 23?
23
What is the greatest common factor of 4212 and 78?
78
What is the greatest common divisor of 486 and 96?
6
Calculate the greatest common factor of 64 and 8.
8
Calculate the greatest common factor of 418 and 66.
22
Calculate the greatest common factor of 520 and 80.
40
Calculate the highest common factor of 60 and 10125.
15
Calculate the highest common factor of 899 and 31.
31
What is the greatest common factor of 92 and 828?
92
What is the highest common divisor of 30 and 795?
15
What is the greatest common factor of 220 and 90?
10
What is the greatest common factor of 4 and 8212?
4
What is the highest common divisor of 736 and 976?
16
What is the greatest common divisor of 2265 and 435?
15
Calculate the highest common divisor of 6623 and 179.
179
What is the greatest common divisor of 64 and 656?
16
Calculate the highest common factor of 100 and 1700.
100
What is the greatest common divisor of 11 and 4763?
11
What is the greatest common divisor of 357 and 2329?
17
Calculate the greatest common factor of 8835 and 30.
15
Calculate the greatest common divisor of 1794 and 138.
138
What is the highest common divisor of 48 and 576?
48
What is the highest common factor of 1392 and 72?
24
What is the highest common factor of 80 and 256?
16
Calculate the highest common divisor of 135 and 45.
45
What is the highest common divisor of 19 and 513?
19
Calculate the highest common divisor of 148 and 1517.
37
Calculate the greatest common divisor of 16 and 1052.
4
Calculate the highest common factor of 192 and 144.
48
Calculate the greatest common factor of 132 and 484.
44
Calculate the highest common divisor of 192 and 48.
48
What is the greatest common factor of 2061 and 63?
9
Calculate the highest common divisor of 10140 and 240.
60
What is the highest common divisor of 104 and 6344?
104
What is the highest common factor of 1631 and 7?
7
What is the greatest common divisor of 1278 and 18?
18
What is the highest common divisor of 4753 and 194?
97
What is the greatest common divisor of 418 and 110?
22
Calculate the highest common divisor of 2945 and 62.
31
What is the greatest common factor of 52710 and 90?
30
What is the greatest common divisor of 894 and 8?
2
What is the highest common divisor of 105 and 75?
15
What is the greatest common factor of 459 and 27?
27
What is the greatest common factor of 280 and 448?
56
What is the greatest common factor of 296 and 31672?
296
What is the highest common factor of 260 and 640?
20
What is the highest common factor of 340 and 102?
34
Calculate the highest common divisor of 35 and 8505.
35
Calculate the greatest common factor of 51554 and 298.
298
What is the greatest common divisor of 4232 and 368?
184
What is the highest common divisor of 858 and 55?
11
What is the greatest common factor of 6 and 72?
6
What is the highest common divisor of 528 and 2772?
132
Calculate the greatest common factor of 126 and 70.
14
What is the greatest common divisor of 82 and 41?
41
What is the highest common divisor of 90 and 405?
45
What is the highest common factor of 77 and 187?
11
Calculate the greatest common factor of 2483 and 13.
13
Calculate the highest common divisor of 10224 and 9.
9
Calculate the highest common factor of 92 and 1081.
23
What is the highest common factor of 1008 and 7168?
112
Calculate the greatest common factor of 32 and 32.
32
What is the highest common factor of 51 and 4624?
17
Calculate the highest common factor of 1534 and 26.
26
Calculate the highest common factor of 36 and 288.
36
What is the greatest common divisor of 90 and 1350?
90
Calculate the greatest common divisor of 7398 and 12.
6
Calculate the greatest common divisor of 115 and 851.
23
Calculate the greatest common divisor of 6 and 10.
2
Calculate the highest common divisor of 28 and 256.
4
What is the highest common factor of 87 and 319?
29
What is the highest common factor of 616 and 14?
14
What is the greatest common factor of 12952 and 16?
8
What is the highest common factor of 5634 and 117?
9
What is the greatest common divisor of 290 and 1650?
10
Calculate the highest common divisor of 3 and 579.
3
Calculate the highest common divisor of 2024 and 176.
88
Calculate the highest common divisor of 165 and 75.
15
Calculate the greatest common divisor of 20 and 245.
5
What is the greatest common factor of 848 and 106?
106
Calculate the highest common divisor of 116 and 16.
4
Calculate the greatest common factor of 3811 and 74.
37
Calculate the highest common factor of 82500 and 330.
330
What is the highest common divisor of 1899 and 6119?
211
Calculate the greatest common divisor of 5371 and 41.
41
What is the greatest common divisor of 2747 and 123?
41
Calculate the highest common factor of 3 and 14.
1
Calculate the highest common divisor of 7 and 413.
7
What is the greatest common factor of 24 and 16?
8
Calculate the greatest common divisor of 70 and 160.
10
What is the highest common divisor of 190 and 20482?
38
What is the highest common factor of 740 and 160?
20
What is the highest common factor of 4633 and 164?
41
What is the greatest common factor of 1903 and 2768?
173
Calculate the highest common divisor of 460 and 345.
115
Calculate the greatest common divisor of 40 and 1000.
40
What is the greatest common divisor of 12 and 246?
6
What is the highest common factor of 158 and 2528?
158
Calculate the highest common divisor of 13 and 2613.
13
What is the highest common divisor of 24165 and 270?
135
What is the greatest common factor of 1292 and 204?
68
Calculate the highest common divisor of 3080 and 28.
28
What is the highest common factor of 12850 and 25?
25
What is the greatest common factor of 60 and 130?
10
Calculate the highest common divisor of 322 and 92.
46
What is the highest common divisor of 968 and 880?
88
Calculate the highest common factor of 38 and 1121.
19
What is the highest common divisor of 1 and 167?
1
Calculate the greatest common factor of 800 and 96.
32
Calculate the greatest common divisor of 14 and 56.
14
Calculate the greatest common divisor of 3698 and 172.
86
What is the highest common divisor of 106 and 318?
106
What is the highest common divisor of 1620 and 160?
20
What is the greatest common factor of 16 and 4336?
16
What is the greatest common divisor of 7 and 14392?
7
What is the greatest common divisor of 171 and 304?
19
Calculate the greatest common divisor of 481 and 13.
13
Calculate the highest common divisor of 120 and 540.
60
What is the greatest common divisor of 7455 and 105?
105
What is the highest common factor of 22 and 946?
22
Calculate the greatest common factor of 8866 and 66.
22
Calculate the greatest common factor of 45 and 576.
9
What is the greatest common divisor of 142 and 639?
71
Calculate the highest common divisor of 147 and 63.
21
Calculate the highest common divisor of 1911 and 98.
49
Calculate the highest common factor of 2 and 14.
2
What is the greatest common divisor of 2808 and 104?
104
What is the greatest common factor of 10 and 90?
10
What is the highest common divisor of 424 and 53?
53
What is the highest common divisor of 82 and 6?
2
Calculate the greatest common divisor of 11327 and 47.
47
Calculate the highest common factor of 2867 and 94.
47
Calculate the highest common factor of 44 and 803.
11
What is the highest common divisor of 34 and 850?
34
Calculate the greatest common divisor of 19044 and 36.
36
What is the greatest common factor of 132 and 2761?
11
Calculate the highest common divisor of 1730 and 30.
10
What is the highest common factor of 987 and 105?
21
Calculate the greatest common divisor of 5852 and 154.
154
What is the highest common divisor of 5 and 166?
1
Calculate the highest common divisor of 730 and 190.
10
What is the greatest common divisor of 2 and 758?
2
What is the highest common factor of 1121 and 59?
59
Calculate the greatest common factor of 264 and 